 of 262?
2
What is the tens digit of 3588?
8
What is the hundreds digit of 15983?
9
What is the thousands digit of 3194?
3
What is the tens digit of 4365?
6
What is the hundreds digit of 33930?
9
What is the units digit of 4837?
7
What is the hundreds digit of 283?
2
What is the tens digit of 110360?
6
What is the tens digit of 28225?
2
What is the thousands digit of 5042?
5
What is the hundreds digit of 1347?
3
What is the hundreds digit of 14442?
4
What is the tens digit of 28517?
1
What is the ten thousands digit of 43215?
4
What is the thousands digit of 56034?
6
What is the ten thousands digit of 51325?
5
What is the tens digit of 32184?
8
What is the ten thousands digit of 71897?
7
What is the hundreds digit of 7109?
1
What is the hundreds digit of 31071?
0
What is the hundreds digit of 591?
5
What is the hundreds digit of 645?
6
What is the ten thousands digit of 19659?
1
What is the thousands digit of 15220?
5
What is the hundreds digit of 1817?
8
What is the thousands digit of 14014?
4
What is the ten thousands digit of 23226?
2
What is the units digit of 1268?
8
What is the units digit of 15333?
3
What is the units digit of 28324?
4
What is the units digit of 1007?
7
What is the units digit of 770?
0
What is the thousands digit of 58822?
8
What is the units digit of 4853?
3
What is the units digit of 23?
3
What is the hundreds digit of 8888?
8
What is the tens digit of 1104?
0
What is the units digit of 3392?
2
What is the ten thousands digit of 28753?
2
What is the hundreds digit of 1927?
9
What is the units digit of 8020?
0
What is the thousands digit of 1657?
1
What is the thousands digit of 6994?
6
What is the units digit of 640?
0
What is the hundreds digit of 6574?
5
What is the units digit of 674?
4
What is the hundreds digit of 995?
9
What is the hundred thousands digit of 154577?
1
What is the tens digit of 1370?
7
What is the hundreds digit of 22230?
2
What is the hundreds digit of 8723?
7
What is the units digit of 7646?
6
What is the thousands digit of 3969?
3
What is the hundreds digit of 1661?
6
What is the tens digit of 8837?
3
What is the units digit of 27635?
5
What is the units digit of 1620?
0
What is the tens digit of 882?
8
What is the hundreds digit of 6562?
5
What is the hundreds digit of 10685?
6
What is the thousands digit of 4795?
4
What is the hundreds digit of 31667?
6
What is the units digit of 30210?
0
What is the tens digit of 564?
6
What is the tens digit of 519?
1
What is the tens digit of 1032?
3
What is the thousands digit of 21875?
1
What is the units digit of 19917?
7
What is the thousands digit of 78416?
8
What is the thousands digit of 1170?
1
What is the tens digit of 4110?
1
What is the thousands digit of 1302?
1
What is the units digit of 87140?
0
What is the hundred thousands digit of 114523?
1
What is the tens digit of 404?
0
What is the tens digit of 17260?
6
What is the hundreds digit of 6306?
3
What is the thousands digit of 49402?
9
What is the hundreds digit of 1139?
1
What is the tens digit of 5541?
4
What is the tens digit of 388?
8
What is the thousands digit of 1583?
1
What is the hundreds digit of 12996?
9
What is the hundreds digit of 1958?
9
What is the hundreds digit of 12053?
0
What is the tens digit of 32364?
6
What is the thousands digit of 1003?
1
What is the thousands digit of 3271?
3
What is the ten thousands digit of 12497?
1
What is the tens digit of 38077?
7
What is the ten thousands digit of 106851?
0
What is the hundreds digit of 211?
2
What is the tens digit of 64788?
8
What is the hundreds digit of 25003?
0
What is the hundreds digit of 15983?
9
What is the ten thousands digit of 117963?
1
What is the ten thousands digit of 27956?
2
What is the units digit of 18909?
9
What is the units digit of 1444?
4
What is the units digit of 12538?
8
What is the units digit of 5408?
8
What is the units digit of 3811?
1
What is the tens digit of 3374?
7
What is the thousands digit of 7478?
7
What is the units digit of 1748?
8
What is the hundreds digit of 110?
1
What is the thousands digit of 40053?
0
What is the hundreds digit of 42820?
8
What is the tens digit of 12464?
6
What is the tens digit of 1614?
1
What is the ten thousands digit of 13276?
1
What is the tens digit of 5622?
2
What is the hundreds digit of 6525?
5
What is the tens digit of 4237?
3
What is the units digit of 950?
0
What is the units digit of 1269?
9
What is the ten thousands digit of 30365?
3
What is the hundreds digit of 587?
5
What is the ten thousands digit of 39652?
3
What is the tens digit of 265?
6
What is the hundreds digit of 50552?
5
What is the ten thousands digit of 28342?
2
What is the units digit of 1352?
2
What is the thousands digit of 1812?
1
What is the hundreds digit of 89615?
6
What is the tens digit of 1071?
7
What is the tens digit of 36118?
1
What is the thousands digit of 8582?
8
What is the hundreds digit of 1105?
1
What is the thousands digit of 5496?
5
What is the tens digit of 2809?
0
What is the thousands digit of 44449?
4
What is the tens digit of 5412?
1
What is the thousands digit of 66724?
6
What is the tens digit of 2580?
8
What is the units digit of 5042?
2
What is the thousands digit of 16709?
6
What is the thousands digit of 3876?
3
What is the units digit of 3132?
2
What is the hundreds digit of 5390?
3
What is the tens digit of 7155?
5
What is the hundred thousands digit of 139111?
1
What is the hundreds digit of 57427?
4
What is the thousands digit of 5238?
5
What is the thousands digit of 67852?
7
What is the ten thousands digit of 85121?
8
What is the units digit of 384?
4
What is the hundreds digit of 21857?
8
What is the tens digit of 2078?
7
What is the thousands digit of 12182?
2
What is the thousands digit of 1435?
1
What is the hundreds digit of 615?
6
What is the units digit of 208?
8
What is the thousands digit of 120993?
0
What is the hundreds digit of 8065?
0
What is the thousands digit of 46502?
6
What is the hundreds digit of 670?
6
What is the units digit of 43835?
5
What is the thousands digit of 28732?
8
What is the tens digit of 24057?
5
What is the hundreds digit of 862?
8
What is the thousands digit of 20692?
0
What is the ten thousands digit of 15681?
1
What is the thousands digit of 1091?
1
What is the units digit of 3081?
1
What is the units digit of 19530?
0
What is the units digit of 3503?
3
What is the thousands digit of 9955?
9
What is the hundreds digit of 853?
8
What is the tens digit of 126141?
4
What is the hundreds digit of 18792?
7
What is the units digit of 13748?
8
What is the thousands digit of 7321?
7
What is the tens digit of 893?
9
What is the units digit of 869?
9
What is the thousands digit of 2269?
2
What is the units digit of 54160?
0
What is the tens digit of 9943?
4
What is the hundreds digit of 354?
3
What is the thousands digit of 5072?
5
What is the units digit of 135?
5
What is the tens digit of 559?
5
What is the hundreds digit of 4952?
9
What is the hundreds digit of 8761?
7
What is the hundreds digit of 1590?
5
What is the hundreds digit of 316?
3
What is the thousands digit of 2770?
2
What is the units digit of 559?
9
What is the hundreds digit of 4894?
8
What is the hundreds digit of 3482?
4
What is the tens digit of 9915?
1
What is the thousands digit of 9211?
9
What is the hundreds digit of 15981?
9
What is the tens digit of 3041?
4
What is the thousands digit of 95988?
5
What is the ten thousands digit of 88756?
8
What is the tens digit of 463?
6
What is the tens digit of 3159?
5
What is the hundreds digit of 37675?
6
What is the thousands digit of 1162?
1
What is the units digit of 364?
4
What is the hundreds digit of 715?
7
What is the thousands digit of 42913?
2
What is the units digit of 520?
0
What is the hundreds digit of 1648?
6
What is the hundreds digit of 10084?
0
What is the units digit of 35030?
0
What is the units digit of 4492?
2
What is the hundreds digit of 4770?
7
What is the hundreds digit of 41143?
1
What is the thousands digit of 3101?
3
What is the hundreds digit of 12386?
3
What is the units digit of 383?
3
What is the hundreds digit of 912?
9
What is the tens digit of 24011?
1
What is the ten thousands digit of 41502?
4
What is the units digit of 10914?
4
What is the tens digit of 214